{"id":502,"date":"2022-07-29T12:07:44","date_gmt":"2022-07-29T10:07:44","guid":{"rendered":"https:\/\/regioner.mhf.se\/bergslagen\/?page_id=502"},"modified":"2022-07-29T12:08:26","modified_gmt":"2022-07-29T10:08:26","slug":"att-gora-i-salen","status":"publish","type":"page","link":"https:\/\/regioner.mhf.se\/bergslagen\/var-verksamhet\/att-gora-i-salen\/","title":{"rendered":"Att g\u00f6ra i S\u00e4len"},"content":{"rendered":"<p data-adtags-visited=\"true\">1. \u00c4ventyrsBad \u2013 f\u00f6r hela familjen p\u00e5 3 000 kvm, Experium, Lindvallen<br \/>\n2. 3D-Bio \u2013 H\u00f6gfj\u00e4llshotellet, S\u00e4len och Experium Lindvallen<br \/>\n3. Barnens Bikepark Se <a href=\"http:\/\/www.skistar.com\/salen\" rel=\"nofollow\">http:\/\/www.skistar.com\/salen<\/a>. Alla kan cykla p\u00e5 sin egen niv\u00e5. Telefon 0280-880 50.<br \/>\n4. Bowling &amp; games \u2013 i Experium hittas bowling och andra roliga spel<br \/>\n5. B\u00e4rplockning \u2013 fina m\u00f6jligheter. Tips hos turistbyr\u00e5n.<br \/>\n6. Cykeluthyrning i S\u00e4len \u2013 ring turistbyr\u00e5n i S\u00e4len eller 0280-218 28.<br \/>\n7. Cykling med mouintain bike och f\u00e4rdledare. Tfn 0280-320 22.<br \/>\n8. Downhill-cykling \u2013 S\u00e4lens Bike Park.<br \/>\n9. Familje \u00c4ventyr \u2013 Kl\u00e4ppen telefon 0280-320 22.<br \/>\n10.Fj\u00e4llvandring \u2013 k\u00f6p en fj\u00e4llkarta, utforska den fantastiska fj\u00e4llmilj\u00f6n. G\u00e5 Vasa-<br \/>\nloppsleden el ta barnvagnen f\u00f6r en promenad p\u00e5 2 km asfalt S:a kungsleden.<br \/>\nLedbeskrivningar finns att tillg\u00e5. Kontakta turistbyr\u00e5n.<br \/>\n11. Fj\u00e4ll\u00e4ventyr \u2013 h\u00e4lsa p\u00e5 polarhundarna. Hyr hund till fj\u00e4llvandringen. Tfn 0280-<br \/>\n210 11 eller <a href=\"http:\/\/www.fjallaventyr.com\/\" rel=\"nofollow\">http:\/\/www.fjallaventyr.com<\/a>.<br \/>\n12. F\u00e4bodar \u2013 mer information hos turistbyr\u00e5n.<br \/>\n13. Gocart \u2013 Kl\u00e4ppen, telefon 0280-962 00<br \/>\n14. Hantverk \u2013 mer information hos turistbyr\u00e5n.<br \/>\n15. Hembygdsg\u00e5rdar \u2013 det var i Olnispag\u00e5rden, S\u00e4len som Gustav Vasa \u00f6ver-<br \/>\nnattade, 1520. Mer information hos turistbyr\u00e5n.<br \/>\n16. Historiska platser \u2013 mer information hos turistbyr\u00e5n.<br \/>\n17. H\u00f6gh\u00f6jdsbana \u2013 Kl\u00e4ppen, tfn 0280-320 22 \u00e4r en sp\u00e4nnande kombination av<br \/>\nsport, kl\u00e4ttring, lek o \u00e4ventyr. \u00c5ldersgr\u00e4ns 12 \u00e5r max 110 kg.<br \/>\n18. Kids Zone \u2013 barnens eget lekland, d\u00e4r de kan stoja finns i Experium.<br \/>\n19. Kyrkor \u2013 S\u00e4lens Fj\u00e4llkyrka byggdes 1969 p\u00e5 K\u00f6arsk\u00e4rsfj\u00e4llets sluttning.<br \/>\nTand\u00e5dalens Fj\u00e4llkyrka invigdes 1985. H\u00e4r kan du ta en god fika med kyrk-<br \/>\nbakade bullar till en billig penning. Tfn 0280-550 70.<br \/>\n20. Kl\u00e4ppens Bike Park \u2013 telefon 0280-962 00<br \/>\n21. Minnesstenar \u2013 \u201dMors lilla Olle\u201d mer information hos turistbyr\u00e5n.<br \/>\nI S\u00f6rsj\u00f6n hittar ni en staty som p\u00e5minner om en h\u00e4ndelse \u00e5r 1850 n\u00e4r pojken<br \/>\nJon Ersson matade bj\u00f6rnen. \u201dMors lilla Olle\u201d barnvisan som \u00e4r sann.<br \/>\n22. Multisportdag \u2013 cykling, paddling o h\u00f6gh\u00f6jdsbana, Kl\u00e4ppen tfn 0280-320 22<br \/>\n23. Natur &amp; Vyer \u2013 mer information hos turistbyr\u00e5n.<br \/>\n24. Ridning \u2013 Heros h\u00e4star \u2013 tfn 0280-810 36<br \/>\n\u2013 Islandsh\u00e4star \u2013 tfn 0280-831 16, 0280-341 06<br \/>\n25. Vandring Granfj\u00e4llet, S\u00e4len \u2013 mer information hos turistbyr\u00e5n<br \/>\n26. \u00c4lgparken, R\u00f6rb\u00e4cksn\u00e4s \u2013 med guid genom vacker och unik \u00e4lgpark.<br \/>\nTelefon 0730-34 02 02.<br \/>\n30. Vasaloppsleden, S\u00e4len \u2013 mer information hos turistbyr\u00e5 se ovan.<\/p>\n","protected":false},"excerpt":{"rendered":"<p>1. \u00c4ventyrsBad \u2013 f\u00f6r hela familjen p\u00e5 3 000 kvm, Experium, Lindvallen 2. 3D-Bio \u2013 H\u00f6gfj\u00e4llshotellet, S\u00e4len och Experium Lindvallen 3. Barnens Bikepark Se http:\/\/www.skistar.com\/salen. Alla kan cykla p\u00e5 sin egen niv\u00e5. Telefon 0280-880 50. 4. Bowling &amp; games \u2013 i Experium hittas bowling och andra roliga spel 5. B\u00e4rplockning \u2013 fina m\u00f6jligheter. Tips hos [&hellip;]<\/p>\n","protected":false},"author":1,"featured_media":0,"parent":172,"menu_order":2,"comment_status":"closed","ping_status":"closed","template":"","meta":{"footnotes":""},"class_list":["post-502","page","type-page","status-publish","hentry"],"acf":[],"_links":{"self":[{"href":"https:\/\/regioner.mhf.se\/bergslagen\/wp-json\/wp\/v2\/pages\/502","targetHints":{"allow":["GET"]}}],"collection":[{"href":"https:\/\/regioner.mhf.se\/bergslagen\/wp-json\/wp\/v2\/pages"}],"about":[{"href":"https:\/\/regioner.mhf.se\/bergslagen\/wp-json\/wp\/v2\/types\/page"}],"author":[{"embeddable":true,"href":"https:\/\/regioner.mhf.se\/bergslagen\/wp-json\/wp\/v2\/users\/1"}],"replies":[{"embeddable":true,"href":"https:\/\/regioner.mhf.se\/bergslagen\/wp-json\/wp\/v2\/comments?post=502"}],"version-history":[{"count":1,"href":"https:\/\/regioner.mhf.se\/bergslagen\/wp-json\/wp\/v2\/pages\/502\/revisions"}],"predecessor-version":[{"id":503,"href":"https:\/\/regioner.mhf.se\/bergslagen\/wp-json\/wp\/v2\/pages\/502\/revisions\/503"}],"up":[{"embeddable":true,"href":"https:\/\/regioner.mhf.se\/bergslagen\/wp-json\/wp\/v2\/pages\/172"}],"wp:attachment":[{"href":"https:\/\/regioner.mhf.se\/bergslagen\/wp-json\/wp\/v2\/media?parent=502"}],"curies":[{"name":"wp","href":"https:\/\/api.w.org\/{rel}","templated":true}]}}