{"id":505,"date":"2022-07-25T11:57:45","date_gmt":"2022-07-25T09:57:45","guid":{"rendered":"https:\/\/regioner.mhf.se\/norr\/?page_id=505"},"modified":"2022-07-25T11:57:45","modified_gmt":"2022-07-25T09:57:45","slug":"prislista-och-information-om-aktiviteter","status":"publish","type":"page","link":"https:\/\/regioner.mhf.se\/norr\/var-verksamhet\/prislista-och-information-om-aktiviteter\/","title":{"rendered":"Prislista och information om aktiviteter"},"content":{"rendered":"<h2><strong>Prislista f\u00f6r aktiviteter<\/strong><\/h2>\n<p data-adtags-visited=\"true\">Inl\u00e4mnad \u00e5rsrapport i r\u00e4tt tid senast 20 mars 1000 kr<br \/>\nInl\u00e4mnad \u00e5rsrapport efter den 20 mars 500 kr<br \/>\nUppvaknandet 500 kr<br \/>\nPromilleglas\u00f6gon 500 kr<br \/>\nInformation (skolor, f\u00f6redrag, kampanjer m.m.) 500 kr<br \/>\nFruktdrycker 500 kr<br \/>\nKommuners Alkoholpolitik 1500 kr<br \/>\nV\u00e4rvningsaktiviteter 500 kr<br \/>\nTa Paus (per dag och plats) 1500 kr<br \/>\nTN-dagen (dock minst 3 timmar) 1000 kr<br \/>\nMHF-dagen (dock minst 3 timmar) 1000 kr<br \/>\nOm man har flera olika aktiviteter p\u00e5 samma dag och plats f\u00e5r man<br \/>\nfullt betalt f\u00f6r en aktivitet och f\u00f6r resterande aktiviteter f\u00e5r man<br \/>\n300 kr\/ st.<br \/>\nEx Ta Paus 1500 kr +<br \/>\nPromilleglas\u00f6gon 300 kr +<br \/>\nUppvaknandet 300 kr = Totalt 2100 kr<br \/>\nDet finns \u00e4ven m\u00f6jlighet f\u00f6r avdelningarna att ans\u00f6ka om att f\u00e5<br \/>\nkostnaden betald av regionen f\u00f6r lotten \u201d en chans p\u00e5 tusen\u201d n\u00e4r<br \/>\nman g\u00f6r ett st\u00f6rre arrangemang dock max tv\u00e5 lotter per<br \/>\narrangemang. Ans\u00f6kan skickas in i god tid f\u00f6re aktiviteten.<\/p>\n<h2><strong>Kvartalsrapport fr\u00e5n avdelningarna<\/strong><\/h2>\n<p data-adtags-visited=\"true\">Kvartalsrapport 1<br \/>\nG\u00e4ller 1 dec \u2013 28 feb skickas in senast 20 mars<br \/>\nKvartalsrapport 2<br \/>\n1 mars \u2013 31 maj skickas in senast 20 juni<br \/>\nKvartalsrapport 3<br \/>\n1juni \u2013 31 aug skickas in senat 20 sept.<br \/>\nKvartalsrapport 4<br \/>\n1 sept. -30 nov skickas in senast 20 dec<br \/>\n\u00d6vriga Rapporter:<br \/>\nTa Paus ska vara inne senast 15 aug<br \/>\nTN-dagen ska vara inne senast 1 m\u00e5nad<br \/>\nefter utf\u00f6rd aktivitet<br \/>\nMHF-dagen ska vara inne senast 1 m\u00e5nad<br \/>\nefter utf\u00f6rd aktivitet<\/p>\n<p data-adtags-visited=\"true\">Blanketter finns p\u00e5 MHF Norr :s hemsida<br \/>\nDessa skickas med post eller via mail till:<br \/>\nMHF<br \/>\nc\/o Ewa \u00d6hman-Pettersson<br \/>\n\u00d6mans v\u00e4g 39<br \/>\n946 91 Rokn\u00e4s<br \/>\newa.o-p@mhf.se<\/p>\n","protected":false},"excerpt":{"rendered":"<p>Prislista f\u00f6r aktiviteter Inl\u00e4mnad \u00e5rsrapport i r\u00e4tt tid senast 20 mars 1000 kr Inl\u00e4mnad \u00e5rsrapport efter den 20 mars 500 kr Uppvaknandet 500 kr Promilleglas\u00f6gon 500 kr Information (skolor, f\u00f6redrag, kampanjer m.m.) 500 kr Fruktdrycker 500 kr Kommuners Alkoholpolitik 1500 kr V\u00e4rvningsaktiviteter 500 kr Ta Paus (per dag och plats) 1500 kr TN-dagen (dock minst [&hellip;]<\/p>\n","protected":false},"author":1,"featured_media":0,"parent":172,"menu_order":0,"comment_status":"closed","ping_status":"closed","template":"","meta":{"footnotes":""},"class_list":["post-505","page","type-page","status-publish","hentry"],"acf":[],"_links":{"self":[{"href":"https:\/\/regioner.mhf.se\/norr\/wp-json\/wp\/v2\/pages\/505","targetHints":{"allow":["GET"]}}],"collection":[{"href":"https:\/\/regioner.mhf.se\/norr\/wp-json\/wp\/v2\/pages"}],"about":[{"href":"https:\/\/regioner.mhf.se\/norr\/wp-json\/wp\/v2\/types\/page"}],"author":[{"embeddable":true,"href":"https:\/\/regioner.mhf.se\/norr\/wp-json\/wp\/v2\/users\/1"}],"replies":[{"embeddable":true,"href":"https:\/\/regioner.mhf.se\/norr\/wp-json\/wp\/v2\/comments?post=505"}],"version-history":[{"count":1,"href":"https:\/\/regioner.mhf.se\/norr\/wp-json\/wp\/v2\/pages\/505\/revisions"}],"predecessor-version":[{"id":506,"href":"https:\/\/regioner.mhf.se\/norr\/wp-json\/wp\/v2\/pages\/505\/revisions\/506"}],"up":[{"embeddable":true,"href":"https:\/\/regioner.mhf.se\/norr\/wp-json\/wp\/v2\/pages\/172"}],"wp:attachment":[{"href":"https:\/\/regioner.mhf.se\/norr\/wp-json\/wp\/v2\/media?parent=505"}],"curies":[{"name":"wp","href":"https:\/\/api.w.org\/{rel}","templated":true}]}}