{"id":332,"date":"2021-09-03T10:01:22","date_gmt":"2021-09-03T08:01:22","guid":{"rendered":"https:\/\/regioner.mhf.se\/skane\/?page_id=332"},"modified":"2025-05-13T18:26:53","modified_gmt":"2025-05-13T16:26:53","slug":"kontakt-och-ombud","status":"publish","type":"page","link":"https:\/\/regioner.mhf.se\/skane\/kontakt-och-ombud\/","title":{"rendered":"Kontakt och ombud"},"content":{"rendered":"<p>H\u00e4r \u00e4r en lista \u00f6ver MHF:s ombud f\u00f6r internationella k\u00f6rkort i region Sk\u00e5ne. Har du allm\u00e4nna fr\u00e5gor om internationella k\u00f6rkort kan du alltid ringa v\u00e5r centrala k\u00f6rkortsavdelning p\u00e5 08-555 765 55 eller maila oss p\u00e5: <a href=\"mailto:ikk@mhf.se\">ikk@mhf.se<\/a> s\u00e5 f\u00e5r du svar p\u00e5 dina fr\u00e5gor.\u00a0Inte alla ombud kan erbjuda Express och Il-express, eller utskrift av mailade foton. Har du ett br\u00e5dskande \u00e4rende, ring alltid upp ditt ombud innan du skickar in eller kommer in med din ans\u00f6kan f\u00f6r snabbast och smidigast hantering.<\/p>\n<h2><strong>Sk\u00e5ne l\u00e4n<\/strong><\/h2>\n<p><strong>MHF Region Sk\u00e5ne<br \/>\nVera Thelander<\/strong><br \/>\nBost\u00e4llsgatan 26 C<br \/>\n282 61 Bj\u00e4rnum<br \/>\n0451-21316<br \/>\n070-378 61 10<br \/>\n<a href=\"mailto:veraoerlingthelander@telia.com\">veraoerlingthelander@telia.com<\/a><\/p>\n<p>Ring innan du skickar in<\/p>\n<p><strong>MHF Klippan<\/strong><\/p>\n<p><strong>Vi har m\u00f6jlighet att ta foto.<\/strong><\/p>\n<p><strong>Aksel Kops<\/strong><br \/>\nEkebrogatan 11<br \/>\n26537 \u00c5storp<br \/>\n070-892 98 37<br \/>\n<a href=\"mailto:aksel.kops@mhf.se\" target=\"_blank\" rel=\"noopener\">aksel.kops@skane.mhf.se<br \/>\n<\/a><\/p>\n<h1>Ladda ner blankett f\u00f6r ans\u00f6kan<\/h1>\n<ul>\n<li><a href=\"http:\/\/www.mhf.se\/app\/uploads\/2019\/02\/IKK_blankett_2021_juni.pdf\" target=\"_blank\" rel=\"noopener\">IKK_blankett_2021_juni [PDF, 0.29 MB]<\/a><\/li>\n<\/ul>\n","protected":false},"excerpt":{"rendered":"<p>H\u00e4r \u00e4r en lista \u00f6ver MHF:s ombud f\u00f6r internationella k\u00f6rkort i region Sk\u00e5ne. Har du allm\u00e4nna fr\u00e5gor om internationella k\u00f6rkort kan du alltid ringa v\u00e5r centrala k\u00f6rkortsavdelning p\u00e5 08-555 765 55 eller maila oss p\u00e5: ikk@mhf.se s\u00e5 f\u00e5r du svar p\u00e5 dina fr\u00e5gor.\u00a0Inte alla ombud kan erbjuda Express och Il-express, eller utskrift av mailade foton. [&hellip;]<\/p>\n","protected":false},"author":1,"featured_media":0,"parent":0,"menu_order":0,"comment_status":"closed","ping_status":"closed","template":"","meta":{"footnotes":""},"class_list":["post-332","page","type-page","status-publish","hentry"],"acf":[],"_links":{"self":[{"href":"https:\/\/regioner.mhf.se\/skane\/wp-json\/wp\/v2\/pages\/332","targetHints":{"allow":["GET"]}}],"collection":[{"href":"https:\/\/regioner.mhf.se\/skane\/wp-json\/wp\/v2\/pages"}],"about":[{"href":"https:\/\/regioner.mhf.se\/skane\/wp-json\/wp\/v2\/types\/page"}],"author":[{"embeddable":true,"href":"https:\/\/regioner.mhf.se\/skane\/wp-json\/wp\/v2\/users\/1"}],"replies":[{"embeddable":true,"href":"https:\/\/regioner.mhf.se\/skane\/wp-json\/wp\/v2\/comments?post=332"}],"version-history":[{"count":15,"href":"https:\/\/regioner.mhf.se\/skane\/wp-json\/wp\/v2\/pages\/332\/revisions"}],"predecessor-version":[{"id":835,"href":"https:\/\/regioner.mhf.se\/skane\/wp-json\/wp\/v2\/pages\/332\/revisions\/835"}],"wp:attachment":[{"href":"https:\/\/regioner.mhf.se\/skane\/wp-json\/wp\/v2\/media?parent=332"}],"curies":[{"name":"wp","href":"https:\/\/api.w.org\/{rel}","templated":true}]}}