{"id":435,"date":"2022-02-03T14:54:08","date_gmt":"2022-02-03T13:54:08","guid":{"rendered":"https:\/\/regioner.mhf.se\/vast\/?page_id=435"},"modified":"2022-02-03T16:28:47","modified_gmt":"2022-02-03T15:28:47","slug":"bli-medlem","status":"publish","type":"page","link":"https:\/\/regioner.mhf.se\/vast\/bli-medlem\/","title":{"rendered":"Bli medlem"},"content":{"rendered":"\n\n    <div id=\"wk-grid116\" class=\"uk-child-width-1-1 uk-child-width-1-2@s uk-grid-match uk-text-left \" uk-height-match=\"target: &gt; div &gt; .uk-panel, &gt; div &gt; .uk-card; row: true\" uk-grid >\n\n    \n        <div >\n            <div class=\"uk-card uk-card-default uk-card-hover\">\n\n                                <a class=\"uk-position-cover uk-position-z-index\" href=\"https:\/\/mhf.upright.se\/\" target=\"_blank\" title=\"Bli medlem\"><\/a>\n                \n                \n                                <div class=\"uk-text-center uk-card-media-top\"><img decoding=\"async\" src=\"\/vast\/wp-content\/uploads\/sites\/3\/2022\/02\/klicka-och-bli-medlem.png\" alt=\"Bli medlem\"><\/div>\n                \n                \n                                        <div class=\"uk-card-body\">\n                    \n                        \n                                                <h3 class=\"uk-h3 uk-margin-remove-top\">\n\n                                                            <a class=\"uk-link-reset\" href=\"https:\/\/mhf.upright.se\/\" target=\"_blank\">Bli medlem<\/a>\n                            \n                                                        <span class=\"uk-margin-small-left uk-label\">Nytt f\u00f6nster<\/span>\n                            \n                        <\/h3>\n                        \n                        \n                        \n                                                <div class=\"uk-margin\">Snabbt och enkelt kan du ge oss ditt st\u00f6d.\n<\/div>\n                        \n                        \n                        \n                                        <\/div>\n                    \n                \n            <\/div>\n        <\/div>\n\n    \n        <div >\n            <div class=\"uk-card uk-card-default uk-card-hover\">\n\n                                <a class=\"uk-position-cover uk-position-z-index\" href=\"https:\/\/www.mhf.se\/medlemsformaner\/\" target=\"_blank\" title=\"Medlemsf\u00f6rm\u00e5ner\"><\/a>\n                \n                \n                                <div class=\"uk-text-center uk-card-media-top\"><img decoding=\"async\" src=\"\/vast\/wp-content\/uploads\/sites\/3\/2022\/02\/PUFF-FORMANER-1366x768-1.png\" alt=\"Medlemsf\u00f6rm\u00e5ner\"><\/div>\n                \n                \n                                        <div class=\"uk-card-body\">\n                    \n                        \n                                                <h3 class=\"uk-h3 uk-margin-remove-top\">\n\n                                                            <a class=\"uk-link-reset\" href=\"https:\/\/www.mhf.se\/medlemsformaner\/\" target=\"_blank\">Medlemsf\u00f6rm\u00e5ner<\/a>\n                            \n                                                        <span class=\"uk-margin-small-left uk-label\">Nytt f\u00f6nster<\/span>\n                            \n                        <\/h3>\n                        \n                        \n                        \n                                                <div class=\"uk-margin\">Det l\u00f6nar sig att vara medlem i MHF med alla olika rabatter och f\u00f6rm\u00e5ner. H\u00e4r hittar du hela listan.<\/div>\n                        \n                        \n                        \n                                        <\/div>\n                    \n                \n            <\/div>\n        <\/div>\n\n    \n    <\/div>\n\n\n<h1>Vi beh\u00f6ver dig<\/h1>\n<p>Det \u00e4r viktigt att vi \u00e4r m\u00e5nga n\u00e4r vi ska p\u00e5verka opinionen f\u00f6r en nykter trafik. Utan v\u00e5ra medlemmar skulle inte myndigheter och lagstiftare lyssna p\u00e5 oss. Men det \u00e4r i MHF:s lokalf\u00f6reningar som alla aktiviteter sker. Ditt postnummer avg\u00f6r automatiskt vilken lokalf\u00f6rening du blir medlem i.Naturligtvis kan du \u00e4ven vara passiv st\u00f6dmedlem, och \u00e4nd\u00e5 f\u00e5 v\u00e5ra medlemsrabatter. Du f\u00e5r \u00e4ven v\u00e5r medlemstidning Motorf\u00f6raren sju g\u00e5nger per \u00e5r.<\/p>\n<h2>Bli en av oss!<\/h2>\n<h1>Helnykter eller Trafiknykter?<\/h1>\n<p class=\"p1\">Vi har tv\u00e5 olika medlemskategorier.\u00a0<b>Helnykter<\/b> \u00e4r en medlem som har en helnykter och drogfri livsstil. <strong>Trafiknykter<\/strong>\u00e4r den medlem som \u00e4r spiknykter n\u00e4r man k\u00f6r fordon p\u00e5 land, till sj\u00f6ss och i luften och i \u00f6vrigt drogfri.<\/p>\n<h2>Medlemsavgifter:<\/h2>\n<table class=\"uk-table uk-table-striped\">\n<thead>\n<tr>\n<th><\/th>\n<th>Medlemskap MHF<\/th>\n<th>Till\u00e4gg f\u00f6r medlemskap MHF Camping Club<\/th>\n<\/tr>\n<\/thead>\n<tbody>\n<tr>\n<td>F\u00f6rsta \u00e5ret<\/td>\n<td>195 kr\/\u00e5r<\/td>\n<td>+ 75 kr\/\u00e5r<\/td>\n<\/tr>\n<tr>\n<td>F\u00f6ljande \u00e5r<\/td>\n<td>285 kr\/\u00e5r<\/td>\n<td>+ 175 kr\/\u00e5r<\/td>\n<\/tr>\n<\/tbody>\n<\/table>\n","protected":false},"excerpt":{"rendered":"<p>Vi beh\u00f6ver dig Det \u00e4r viktigt att vi \u00e4r m\u00e5nga n\u00e4r vi ska p\u00e5verka opinionen f\u00f6r en nykter trafik. Utan v\u00e5ra medlemmar skulle inte myndigheter och lagstiftare lyssna p\u00e5 oss. Men det \u00e4r i MHF:s lokalf\u00f6reningar som alla aktiviteter sker. Ditt postnummer avg\u00f6r automatiskt vilken lokalf\u00f6rening du blir medlem i.Naturligtvis kan du \u00e4ven vara passiv [&hellip;]<\/p>\n","protected":false},"author":1,"featured_media":0,"parent":0,"menu_order":0,"comment_status":"closed","ping_status":"closed","template":"","meta":{"footnotes":""},"class_list":["post-435","page","type-page","status-publish","hentry"],"acf":[],"_links":{"self":[{"href":"https:\/\/regioner.mhf.se\/vast\/wp-json\/wp\/v2\/pages\/435","targetHints":{"allow":["GET"]}}],"collection":[{"href":"https:\/\/regioner.mhf.se\/vast\/wp-json\/wp\/v2\/pages"}],"about":[{"href":"https:\/\/regioner.mhf.se\/vast\/wp-json\/wp\/v2\/types\/page"}],"author":[{"embeddable":true,"href":"https:\/\/regioner.mhf.se\/vast\/wp-json\/wp\/v2\/users\/1"}],"replies":[{"embeddable":true,"href":"https:\/\/regioner.mhf.se\/vast\/wp-json\/wp\/v2\/comments?post=435"}],"version-history":[{"count":6,"href":"https:\/\/regioner.mhf.se\/vast\/wp-json\/wp\/v2\/pages\/435\/revisions"}],"predecessor-version":[{"id":457,"href":"https:\/\/regioner.mhf.se\/vast\/wp-json\/wp\/v2\/pages\/435\/revisions\/457"}],"wp:attachment":[{"href":"https:\/\/regioner.mhf.se\/vast\/wp-json\/wp\/v2\/media?parent=435"}],"curies":[{"name":"wp","href":"https:\/\/api.w.org\/{rel}","templated":true}]}}